 + 488. What is the units digit of h?
8
Suppose 336 = 4*z - 0*z. Suppose 7*d - 4*d = z. Let s = 40 - d. What is the units digit of s?
2
Let q(p) = -14*p + 3. What is the tens digit of q(-3)?
4
Let o = -53 + 81. What is the tens digit of o?
2
Suppose -2*g - 1 = a + 8, 15 = -3*a - 3*g. Let n be -1*(-4)/2 - a. Suppose 2*w + z + z + 2 = 0, w = -n*z - 7. What is the units digit of w?
2
Suppose 0 = 18*c - 622 - 1520. What is the tens digit of c?
1
Let l = -19 - -39. Suppose -5*b - 28 = -4*s - 12, -5*s + l = 0. Suppose 3*x + b*x - 29 = 2*n, 0 = -4*x + 4*n + 32. What is the tens digit of x?
1
Suppose 4*i - 4 = -2*u, 7 = i - 2*u + u. Suppose t - 10 = -5. Suppose -2*f + 5*a = 6 - 0, -t*a + 4 = -i*f. What is the units digit of f?
2
Let f(d) = d**3 - 7*d**2 + 7*d - 8. Let a be f(6). Let v be (2 - 0)/(a/5). What is the units digit of ((-2)/v)/((-2)/(-20))?
4
Let b = -120 - -372. What is the hundreds digit of b?
2
Let f = 11 - 13. Let k(z) = z**2 - 6*z + 5. Let x be k(6). Let h = f + x. What is the units digit of h?
3
Suppose y - 2*v - 330 = -4*y, 4*v - 330 = -5*y. Suppose 2*t = 5*t - y. What is the units digit of t?
2
Suppose -20 = -4*i + 4*b, 0*b + 2*b + 4 = 0. Suppose i*k - 104 = -35. What is the tens digit of k?
2
Let u(c) = 8*c - 12. What is the tens digit of u(5)?
2
Let d(f) = -f**3 + 9*f**2 + f - 6. Let w be d(9). Let l = 13 - w. What is the tens digit of l?
1
Let m be ((-19)/2)/(6/(-12)). Let x be (11 + (0 - 2))/(-1). Let a = m + x. What is the tens digit of a?
1
Let h(m) = -m**3 - 7*m**2 - 2*m - 4. Let w be ((-35)/(-10))/(2/(-4)). What is the units digit of h(w)?
0
Suppose 5 - 12 = -p. What is the units digit of p?
7
Let m = -19 - -36. What is the units digit of m?
7
Let z(g) = -g - 4. Let r be z(-5). Let w be (-1 + (-4 - 0))*r. What is the units digit of ((-8)/w)/(2/10)?
8
Suppose -4*f = 3*k - 175, 150 = 2*k - f - 3*f. What is the units digit of k?
5
Let c = 26 - 4. Suppose 20 = 3*y - c. What is the tens digit of y?
1
Suppose 4*f - 2*y = 1386, 1042 = 9*f - 6*f - 2*y. What is the tens digit of f?
4
Let r = 48 - 31. Suppose -5*f + 3*c = 4*c - r, -f = 3*c + 5. Suppose 3*v - 15 = -2*v + 3*w, f*w = v + 14. What is the units digit of v?
6
Let n = 72 + -25. What is the tens digit of n?
4
Suppose -18*a + 1477 = -11*a. What is the tens digit of a?
1
Suppose 0 = 2*x + 3*m - 19, 2*x - 20 = 2*m - 6*m. Let a(v) = -v**2 - 6*v - 7. Let q be a(-5). What is the units digit of 12*(x/(-6))/q?
8
What is the tens digit of 8/6*(-855)/(-30)?
3
Let n(m) = -2*m - 3 - m**2 + 8*m + 5*m. Let r be n(9). What is the units digit of (-1 + r/6)*2?
3
Let u be 8/(-44) + (-163)/11. Let q = u + 24. What is the units digit of q?
9
Let l = -40 + 78. What is the units digit of l?
8
Let d = 10 - 18. Let x = d + 12. Suppose 0 = 2*f - x*q - 20, 5 = -2*f + 3*f + 3*q. What is the units digit of f?
8
Suppose 3*j = 4*j - 29. Suppose -2*r + 5*u - j = -8, -9 = -3*u. Let p = r - -13. What is the units digit of p?
0
Suppose 15*c = 20*c. Suppose c*i = 2*i - 66. What is the units digit of i?
3
Suppose 3*s - 125 = 6*t - 5*t, 0 = 2*s - 2*t - 82. What is the tens digit of s?
4
Suppose 4*d - o = 545, 0*o - 426 = -3*d - 5*o. What is the units digit of d?
7
Let b(x) = -37*x + 13. What is the tens digit of b(-2)?
8
Let a be (2/6)/(5/(-15)). What is the units digit of 2 + a + (23 - 1)?
3
Let y = -15 - -15. Let a(z) = -z + 36. What is the tens digit of a(y)?
3
Suppose 2*s - 5*x - 167 = 0, 5*x - 108 = -s - 2. What is the units digit of s?
1
Suppose -2*j = 5*b - 6*j - 64, b - 3*j - 15 = 0. What is the tens digit of b?
1
Let t(n) = -5*n + 118. What is the units digit of t(0)?
8
Let s be -2*(10/(-4) + 2). What is the units digit of -3*(2 - s - 2)?
3
Suppose -2*p - 3*p = -30. Let d be p/2*(-3 + 4). Suppose -17 - 4 = -d*j. What is the units digit of j?
7
Let b = -22 - -18. What is the units digit of ((-7)/b)/(2/8)?
7
Suppose -p = 3*p - 72. What is the tens digit of p?
1
Let l(i) = 8*i - 8. Let k(a) = -4*a + 4. Let p(j) = 7*k(j) + 4*l(j). What is the tens digit of p(5)?
1
Let d(m) = -2*m + 4. Let j(s) = s**2 + 7*s - 1. Let r be j(-6). What is the units digit of d(r)?
8
Suppose -y = y - 38. Suppose 9 = l - y. What is the tens digit of l?
2
Suppose 5*s - 32 = 5*m + 28, 0 = -3*s - 2*m + 11. What is the units digit of s?
7
Suppose 0 = 5*u - 2*j - 494, 2*u - 58 = -j + 145. What is the units digit of u?
0
Let v = 1 + 1. Suppose v*q - 26 = 3*q. What is the units digit of q/(-4) - (-1)/2?
7
Let o(f) = 3*f**2 - f + 1. Let y be o(1). Let z(v) = -v + 3. Let d be z(y). Let h(s) = s**2 + s + 2. What is the units digit of h(d)?
2
Let l(w) = -w + 4. Let g be l(5). Let c(h) = 4*h - 2. Let t(m) = m + 1. Let b(d) = g*t(d) + c(d). What is the tens digit of b(5)?
1
Suppose 2*i - 5 = 4*j + j, -j = -i + 7. What is the tens digit of (i/8)/((-2)/(-40))?
2
Let a = 4 - 11. Let c = a + 9. What is the units digit of ((-3)/c)/((-5)/10)?
3
Let j(p) = 7*p**2 + p. Let y be j(-1). Suppose 16 = 2*c + 3*t, y*t - 2*t - 24 = -4*c. Suppose c = -g + 4. What is the units digit of g?
2
Let l = -26 + 40. What is the units digit of l?
4
Let j = 98 + -45. What is the tens digit of j?
5
Let w(t) = -5*t - 6. Suppose 2 = -4*q - 14. What is the tens digit of w(q)?
1
What is the hundreds digit of (10/(-12))/5 + (-4132)/(-24)?
1
Let m(r) be the third derivative of r**6/120 + r**5/20 - r**3/6 - r**2. Suppose -5*i + t + 6 = 0, i + 2*t - 14 = -t. What is the units digit of m(i)?
9
Let f be 1/4 - (-19)/4. What is the units digit of (6 - 4) + f + -1?
6
Suppose 2*x = -5*l - 0*x + 30, 5*x = 3*l + 13. What is the units digit of l?
4
Let m = -1 - -4. Let a(w) = m + 1 - w + 1. What is the units digit of a(-8)?
3
Suppose 4*q - 2 = -22. Let z be 2/(-2) - 12/(-4). What is the units digit of z/(-2)*(3 + q)?
2
Let f(l) = -l**3 + 16*l**2 - 13*l + 22. Let c be f(15). Suppose p - 2*p = -c. What is the units digit of p?
2
Let g(x) = 14*x + 8. What is the units digit of g(8)?
0
Let l(v) = v**2 - 3*v + 5. Let g be l(3). Suppose 2 + g = z. What is the units digit of z?
7
Let v(c) = 2*c - 4. Let m be v(3). Suppose -m*w - 29 = -w. Let o = -18 - w. What is the tens digit of o?
1
Suppose 3*b + 21 = 3*y + y, y - 3*b - 3 = 0. Suppose -108 = -y*i + 2*i. What is the units digit of i?
7
Let j(o) = -o**3 - 7*o**2 - 6*o. Let w be j(-6). Let c be w/(2*2/(-2)). Suppose c*q = -2*q + 8. What is the units digit of q?
4
Suppose 3*p - 4*b - 4 = -2, -5 = -p - 3*b. What is the units digit of (-17)/(p/6*-1)?
1
Suppose 97 = 3*q + 16. What is the units digit of q?
7
Let b = -20 - -48. What is the units digit of b?
8
Suppose 0 = -4*o - y - 91, -4*y - 9 + 101 = -3*o. Let g be o/(-15) - (-2)/5. Suppose 18 = 4*p - g. What is the units digit of p?
5
Let a = -416 + 609. What is the hundreds digit of a?
1
Let g be -3 + (2/2 - -32). Suppose 0 = 4*n + 4*l - 131 + 47, -g = -2*n + l. What is the tens digit of n?
1
Let t(u) = -u**3 + 4*u**2 + 2*u - 1. Let f be t(4). Suppose 0 = w + 3 - f. What is the units digit of w?
4
Suppose 359 = 9*p - 406. What is the units digit of p?
5
Let m(s) = -17*s - 15. Let w(o) = -8*o - 7. Let t(v) = -6*m(v) + 13*w(v). Let l(j) = -j**2 - 8*j + 8. Let g be l(-9). What is the units digit of t(g)?
1
Let u(o) = 21*o + 9. Let t be u(-6). Let h = t + 167. What is the units digit of h?
0
Suppose -3*x - 3*k + 12 = x, -4 = -4*x - 5*k. Let p be ((-6)/(-4))/(x/16). Suppose 3*s - 10 = s, 2*s + 18 = p*d. What is the units digit of d?
7
Let a(d) = -12*d + 26. What is the tens digit of a(-5)?
8
Let s = 3 - 1. Let l be 2 + (-2)/2 + s. Suppose -6*q + 63 = -q + 3*k, 4*k + 32 = l*q. What is the units digit of q?
2
Let u(n) = 24*n + 4. What is the units digit of u(1)?
8
Let b(z) = z**3 + 8*z**2 - z + 9. Let f be b(-8). What is the units digit of (-3)/(((-2)/f)/2)?
1
Suppose 13*k = 10*k + 120. What is the units digit of k?
0
Suppose 8 = y - 4. Let r be ((-8)/y)/(4/(-150)). Let x = r - 15. What is the tens digit of x?
1
Suppose -3*p - o = p - 81, -91 = -4*p - 3*o. Suppose 0 = -3*q - t + 77, -q + 5*t - 2*t = -p. What is the units digit of q?
5
What is the hundreds digit of (-942)/(-9) + (-1)/(-3)?
1
Suppose 0 = -3*k + 4*c - 16, k - c = 1 - 5. Suppose a + 16 = d - 0, -3*d + 2*a + 46 = k. What is the tens digit of d?
1
Let f(z) be the third derivative of z**5/60 - z**2. What is the units digit of f(1)?
1
Let h